{"id":15,"date":"2010-03-26T14:47:46","date_gmt":"2010-03-26T13:47:46","guid":{"rendered":"http:\/\/www.klangwerkstatt-amberg.de\/?page_id=15"},"modified":"2010-03-29T16:22:51","modified_gmt":"2010-03-29T15:22:51","slug":"downloads","status":"publish","type":"page","link":"https:\/\/www.klangwerkstatt-amberg.de\/?page_id=15","title":{"rendered":"Downloads"},"content":{"rendered":"<p>Als zus\u00e4tzlichen Service bieten wir Ihnen Formulare zum Download an.<\/p>\n<p><a href=\"http:\/\/www.klangwerkstatt-amberg.de\/wp-content\/uploads\/lehrerliste-musikschule-klangwerkstatt.pdf\" target=\"_blank\">Lehrerliste und Unterrichtsangebot Musikschule &#8222;Klangwerkstatt&#8220; Amberg<\/a><br \/>\n(Gr\u00f6\u00dfe ca. 17 KB)<\/p>\n<p><a href=\"http:\/\/www.klangwerkstatt-amberg.de\/wp-content\/uploads\/unterrichtsvertrag-musikschule-klangwerkstatt.pdf\" target=\"_blank\">Unterrichtsvertrag Musikschule &#8222;Klangwerkstatt&#8220; Amberg<\/a><br \/>\n(Gr\u00f6\u00dfe ca. 134 KB)<\/p>\n<p><a href=\"http:\/\/www.klangwerkstatt-amberg.de\/wp-content\/uploads\/preisliste-musikschule-klangwerkstatt.pdf\" target=\"_blank\">Preisliste Musikschule &#8222;Klangwerkstatt&#8220; Amberg<\/a><br \/>\n(Gr\u00f6\u00dfe ca. 16 KB)<\/p>\n<p><a href=\"http:\/\/www.klangwerkstatt-amberg.de\/wp-content\/uploads\/schulordnung-musikschule-klangwerkstatt.pdf\" target=\"_blank\">Schulordnung Musikschule &#8222;Klangwerkstatt&#8220; Amberg<\/a><br \/>\n(Gr\u00f6\u00dfe ca. 140 KB)<\/p>\n<p><a href=\"http:\/\/www.klangwerkstatt-amberg.de\/wp-content\/uploads\/anfahrt-musikschule-klangwerkstatt.pdf\" target=\"_blank\">Anfahrtsbeschreibung Musikschule &#8222;Klangwerkstatt&#8220; Amberg<\/a><br \/>\n(Gr\u00f6\u00dfe ca. 126 KB)<\/p>\n<div id=\"_mcePaste\" style=\"position: absolute; left: -10000px; top: 0px; width: 1px; height: 1px; overflow: hidden;\"><!--[if gte mso 9]><xml> <w:WordDocument> <w:View>Normal<\/w:View> <w:Zoom>0<\/w:Zoom> <w:HyphenationZone>21<\/w:HyphenationZone> <w:Compatibility> <w:BreakWrappedTables \/> <w:SnapToGridInCell \/> <w:WrapTextWithPunct \/> <w:UseAsianBreakRules \/> <\/w:Compatibility> <w:BrowserLevel>MicrosoftInternetExplorer4<\/w:BrowserLevel> <\/w:WordDocument> <\/xml><![endif]--><!--  \/* Style Definitions *\/  p.MsoNormal, li.MsoNormal, div.MsoNormal \t{mso-style-parent:\"\"; \tmargin:0cm; \tmargin-bottom:.0001pt; \tmso-pagination:widow-orphan; \tfont-size:12.0pt; \tfont-family:\"Times New Roman\"; \tmso-fareast-font-family:\"Times New Roman\";} @page Section1 \t{size:612.0pt 792.0pt; \tmargin:70.85pt 70.85pt 2.0cm 70.85pt; \tmso-header-margin:36.0pt; \tmso-footer-margin:36.0pt; \tmso-paper-source:0;} div.Section1 \t{page:Section1;} --><!--[if gte mso 10]> <mce:style><!   \/* Style Definitions *\/  table.MsoNormalTable \t{mso-style-name:\"Normale Tabelle\"; \tmso-tstyle-rowband-size:0; \tmso-tstyle-colband-size:0; \tmso-style-noshow:yes; \tmso-style-parent:\"\"; \tmso-padding-alt:0cm 5.4pt 0cm 5.4pt; \tmso-para-margin:0cm; \tmso-para-margin-bottom:.0001pt; \tmso-pagination:widow-orphan; \tfont-size:10.0pt; \tfont-family:\"Times New Roman\";} --> <!--[endif]--><span style=\"font-size: 12pt; font-family: Arial;\">rD83524*zZXV<\/span><\/div>\n","protected":false},"excerpt":{"rendered":"<p>Als zus\u00e4tzlichen Service bieten wir Ihnen Formulare zum Download an. Lehrerliste und Unterrichtsangebot Musikschule &#8222;Klangwerkstatt&#8220; Amberg (Gr\u00f6\u00dfe ca. 17 KB) Unterrichtsvertrag Musikschule &#8222;Klangwerkstatt&#8220; Amberg (Gr\u00f6\u00dfe ca. 134 KB) Preisliste Musikschule &#8222;Klangwerkstatt&#8220; Amberg (Gr\u00f6\u00dfe ca. 16 KB) Schulordnung Musikschule &#8222;Klangwerkstatt&#8220; Amberg (Gr\u00f6\u00dfe ca. 140 KB) Anfahrtsbeschreibung Musikschule &#8222;Klangwerkstatt&#8220; Amberg (Gr\u00f6\u00dfe ca. 126 KB) rD83524*zZXV<\/p>\n","protected":false},"author":1,"featured_media":0,"parent":0,"menu_order":5,"comment_status":"closed","ping_status":"open","template":"","meta":{"ngg_post_thumbnail":0,"footnotes":""},"class_list":["post-15","page","type-page","status-publish","hentry"],"_links":{"self":[{"href":"https:\/\/www.klangwerkstatt-amberg.de\/index.php?rest_route=\/wp\/v2\/pages\/15","targetHints":{"allow":["GET"]}}],"collection":[{"href":"https:\/\/www.klangwerkstatt-amberg.de\/index.php?rest_route=\/wp\/v2\/pages"}],"about":[{"href":"https:\/\/www.klangwerkstatt-amberg.de\/index.php?rest_route=\/wp\/v2\/types\/page"}],"author":[{"embeddable":true,"href":"https:\/\/www.klangwerkstatt-amberg.de\/index.php?rest_route=\/wp\/v2\/users\/1"}],"replies":[{"embeddable":true,"href":"https:\/\/www.klangwerkstatt-amberg.de\/index.php?rest_route=%2Fwp%2Fv2%2Fcomments&post=15"}],"version-history":[{"count":5,"href":"https:\/\/www.klangwerkstatt-amberg.de\/index.php?rest_route=\/wp\/v2\/pages\/15\/revisions"}],"predecessor-version":[{"id":110,"href":"https:\/\/www.klangwerkstatt-amberg.de\/index.php?rest_route=\/wp\/v2\/pages\/15\/revisions\/110"}],"wp:attachment":[{"href":"https:\/\/www.klangwerkstatt-amberg.de\/index.php?rest_route=%2Fwp%2Fv2%2Fmedia&parent=15"}],"curies":[{"name":"wp","href":"https:\/\/api.w.org\/{rel}","templated":true}]}}